{"id":310,"date":"2026-04-29T16:22:08","date_gmt":"2026-04-29T09:22:08","guid":{"rendered":"https:\/\/nuocionkiemofan.com\/?page_id=310"},"modified":"2026-04-29T16:23:04","modified_gmt":"2026-04-29T09:23:04","slug":"ve-ofan","status":"publish","type":"page","link":"https:\/\/nuocionkiemofan.com\/?page_id=310","title":{"rendered":"V\u1ec1 OFAN"},"content":{"rendered":"<p>GI\u1edaI THI\u1ec6U NH\u00c0 M\u00c1Y S\u1ea2N XU\u1ea4T N\u01af\u1edaC ION KI\u1ec0M \u0110I\u1ec6N PH\u00c2N \u2013 C\u00d4NG NGH\u1ec6 NH\u1eacT B\u1ea2N, K\u1ebeT H\u1ee2P NANO DISRUPTOR (M\u1ef8)<br \/>\nCh\u00fang t\u00f4i t\u1ef1 h\u00e0o gi\u1edbi thi\u1ec7u nh\u00e0 m\u00e1y s\u1ea3n xu\u1ea5t n\u01b0\u1edbc ion ki\u1ec1m \u0111i\u1ec7n ph\u00e2n b\u1ea3n c\u1ef1c \u2013 m\u1ed9t m\u00f4 h\u00ecnh s\u1ea3n xu\u1ea5t n\u01b0\u1edbc th\u1ebf h\u1ec7 m\u1edbi \u0111\u01b0\u1ee3c h\u00ecnh th\u00e0nh t\u1eeb s\u1ef1 k\u1ebft h\u1ee3p gi\u1eefa c\u00f4ng ngh\u1ec7 \u0111i\u1ec7n ph\u00e2n ti\u00ean ti\u1ebfn c\u1ee7a Nh\u1eadt B\u1ea3n v\u00e0 gi\u1ea3i ph\u00e1p NaNo Distruptor \u0111\u1ed9t ph\u00e1 t\u1eeb M\u1ef9. \u0110\u00e2y kh\u00f4ng ch\u1ec9 l\u00e0 n\u01a1i t\u1ea1o ra m\u1ed9t s\u1ea3n ph\u1ea9m n\u01b0\u1edbc u\u1ed1ng, m\u00e0 l\u00e0 n\u01a1i kh\u1edfi ngu\u1ed3n c\u1ee7a m\u1ed9t gi\u00e1 tr\u1ecb s\u1ed1ng m\u1edbi: s\u1ea1ch h\u01a1n, t\u1ed1t h\u01a1n v\u00e0 b\u1ec1n v\u1eefng h\u01a1n cho s\u1ee9c kh\u1ecfe c\u1ed9ng \u0111\u1ed3ng.<\/p>\n<p>Gi\u1eefa nh\u1ecbp s\u1ed1ng hi\u1ec7n \u0111\u1ea1i, khi con ng\u01b0\u1eddi ng\u00e0y c\u00e0ng quan t\u00e2m \u0111\u1ebfn ch\u1ea5t l\u01b0\u1ee3ng s\u1ed1ng, ngu\u1ed3n n\u01b0\u1edbc kh\u00f4ng c\u00f2n ch\u1ec9 d\u1eebng l\u1ea1i \u1edf ti\u00eau chu\u1ea9n \u201cs\u1ea1ch \u0111\u1ec3 u\u1ed1ng\u201d, m\u00e0 c\u1ea7n ti\u1ebfn xa h\u01a1n \u0111\u1ebfn chu\u1ea9n m\u1ef1c \u201ct\u1ed1t \u0111\u1ec3 s\u1ed1ng l\u00e2u d\u00e0i\u201d. T\u1eeb nh\u1eadn th\u1ee9c \u1ea5y, ch\u00fang t\u00f4i x\u00e2y d\u1ef1ng nh\u00e0 m\u00e1y v\u1edbi m\u1ed9t \u0111\u1ecbnh h\u01b0\u1edbng r\u1ea5t r\u00f5 r\u00e0ng: t\u1ea1o ra ngu\u1ed3n n\u01b0\u1edbc kh\u00f4ng ch\u1ec9 an to\u00e0n, m\u00e0 c\u00f2n mang gi\u00e1 tr\u1ecb s\u1eed d\u1ee5ng cao h\u01a1n cho c\u01a1 th\u1ec3 v\u00e0 cho cu\u1ed9c s\u1ed1ng m\u1ed7i ng\u00e0y.<\/p>\n<p>\u0110i\u1ec3m \u0111\u1eb7c bi\u1ec7t c\u1ee7a nh\u00e0 m\u00e1y n\u1eb1m \u1edf ch\u00ednh tr\u00e1i tim c\u00f4ng ngh\u1ec7. C\u00f4ng ngh\u1ec7 \u0111i\u1ec7n ph\u00e2n b\u1ea3n c\u1ef1c gi\u00fap t\u1ea1o ra n\u01b0\u1edbc ion ki\u1ec1m gi\u00e0u hydrogen \u2013 d\u00f2ng n\u01b0\u1edbc \u0111ang \u0111\u01b0\u1ee3c nhi\u1ec1u ng\u01b0\u1eddi quan t\u00e2m nh\u1edd t\u00ednh hi\u1ec7n \u0111\u1ea1i, kh\u1ea3 n\u0103ng h\u1ed7 tr\u1ee3 l\u1ed1i s\u1ed1ng l\u00e0nh m\u1ea1nh v\u00e0 tr\u1ea3i nghi\u1ec7m u\u1ed1ng n\u01b0\u1edbc d\u1ec5 ch\u1ecbu h\u01a1n m\u1ed7i ng\u00e0y. K\u1ebft h\u1ee3p c\u00f9ng \u0111\u00f3 l\u00e0 c\u00f4ng ngh\u1ec7 NaNo Distruptor t\u1eeb M\u1ef9, \u0111\u00f3ng vai tr\u00f2 nh\u01b0 m\u1ed9t l\u1edbp b\u1ea3o v\u1ec7 th\u00f4ng minh, gi\u00fap x\u1eed l\u00fd t\u1ea1p ch\u1ea5t v\u00e0 vi sinh v\u1eadt c\u00f3 h\u1ea1i, \u0111\u1ed3ng th\u1eddi h\u1ea1n ch\u1ebf vi\u1ec7c lo\u1ea1i b\u1ecf nh\u1eefng vi kho\u00e1ng t\u1ef1 nhi\u00ean qu\u00fd gi\u00e1 v\u1ed1n c\u00f3 trong n\u01b0\u1edbc.<\/p>\n<p>\u0110\u00e2y l\u00e0 kh\u00e1c bi\u1ec7t r\u1ea5t quan tr\u1ecdng. B\u1edfi tr\u00ean th\u1ef1c t\u1ebf, kh\u00f4ng \u00edt ph\u01b0\u01a1ng ph\u00e1p l\u1ecdc th\u00f4ng th\u01b0\u1eddng c\u00f3 th\u1ec3 l\u00e0m n\u01b0\u1edbc tr\u1edf n\u00ean \u201ctr\u1ed1ng r\u1ed7ng\u201d sau x\u1eed l\u00fd: s\u1ea1ch nh\u01b0ng ngh\u00e8o gi\u00e1 tr\u1ecb t\u1ef1 nhi\u00ean. Trong khi \u0111\u00f3, tri\u1ebft l\u00fd c\u1ee7a ch\u00fang t\u00f4i kh\u00f4ng ph\u1ea3i l\u00e0 t\u1ea1o ra m\u1ed9t ngu\u1ed3n n\u01b0\u1edbc ch\u1ec9 \u0111\u1eb9p v\u1ec1 ch\u1ec9 s\u1ed1, m\u00e0 l\u00e0 m\u1ed9t ngu\u1ed3n n\u01b0\u1edbc h\u00e0i h\u00f2a h\u01a1n \u2013 n\u01a1i s\u1ef1 tinh s\u1ea1ch \u0111i c\u00f9ng v\u1edbi gi\u00e1 tr\u1ecb t\u1ef1 nhi\u00ean m\u00e0 c\u01a1 th\u1ec3 c\u1ea7n.<\/p>\n<p>M\u1ed7i gi\u1ecdt n\u01b0\u1edbc \u0111i ra t\u1eeb nh\u00e0 m\u00e1y v\u00ec th\u1ebf kh\u00f4ng ch\u1ec9 l\u00e0 th\u00e0nh ph\u1ea9m c\u1ee7a m\u1ed9t d\u00e2y chuy\u1ec1n s\u1ea3n xu\u1ea5t, m\u00e0 l\u00e0 k\u1ebft qu\u1ea3 c\u1ee7a s\u1ef1 ch\u1ecdn l\u1ecdc c\u00f4ng ngh\u1ec7, c\u1ee7a t\u01b0 duy l\u00e0m s\u1ea3n ph\u1ea9m c\u00f3 tr\u00e1ch nhi\u1ec7m v\u00e0 c\u1ee7a mong mu\u1ed1n mang \u0111\u1ebfn \u0111i\u1ec1u t\u1ed1t h\u01a1n cho con ng\u01b0\u1eddi. \u0110\u00f3 l\u00e0 th\u1ee9 n\u01b0\u1edbc \u0111\u01b0\u1ee3c t\u1ea1o ra kh\u00f4ng ch\u1ec9 \u0111\u1ec3 gi\u1ea3i kh\u00e1t, m\u00e0 \u0111\u1ec3 \u0111\u1ed3ng h\u00e0nh v\u1edbi cu\u1ed9c s\u1ed1ng h\u1eb1ng ng\u00e0y: trong b\u1eefa c\u01a1m gia \u0111\u00ecnh, trong s\u1ef1 ch\u0103m s\u00f3c cha m\u1eb9, trong s\u1ef1 l\u1edbn l\u00ean c\u1ee7a con tr\u1ebb, v\u00e0 trong th\u00f3i quen s\u1ed1ng l\u00e0nh m\u1ea1nh c\u1ee7a m\u1ed7i ng\u01b0\u1eddi.<\/p>\n<p>Kh\u00f4ng d\u1eebng \u1edf c\u00f4ng ngh\u1ec7, nh\u00e0 m\u00e1y c\u00f2n \u0111\u01b0\u1ee3c thi\u1ebft k\u1ebf theo m\u00f4 h\u00ecnh nh\u1ecf g\u1ecdn, linh ho\u1ea1t, d\u1ec5 tri\u1ec3n khai t\u1ea1i nhi\u1ec1u \u0111\u1ecba ph\u01b0\u01a1ng, gi\u00fap t\u1ed1i \u01b0u chi ph\u00ed \u0111\u1ea7u t\u01b0 v\u00e0 v\u1eadn h\u00e0nh nh\u01b0ng v\u1eabn b\u1ea3o \u0111\u1ea3m hi\u1ec7u su\u1ea5t \u1ed5n \u0111\u1ecbnh v\u00e0 ti\u00eau chu\u1ea9n ch\u1ea5t l\u01b0\u1ee3ng cao. Ch\u00ednh s\u1ef1 t\u1ed1i \u01b0u \u1ea5y m\u1edf ra m\u1ed9t h\u01b0\u1edbng \u0111i r\u1ea5t th\u1ef1c t\u1ebf v\u00e0 c\u00f3 \u00fd ngh\u0129a: thay v\u00ec t\u1eadp trung ngu\u1ed3n n\u01b0\u1edbc t\u1ed1t \u1edf m\u1ed9t v\u00e0i trung t\u00e2m l\u1edbn, ch\u00fang t\u00f4i h\u01b0\u1edbng \u0111\u1ebfn vi\u1ec7c \u0111\u01b0a m\u00f4 h\u00ecnh n\u00e0y \u0111\u1ebfn g\u1ea7n h\u01a1n v\u1edbi t\u1eebng khu v\u1ef1c d\u00e2n c\u01b0, t\u1eebng \u0111\u1ecba ph\u01b0\u01a1ng, t\u1eebng c\u1ed9ng \u0111\u1ed3ng \u0111ang c\u1ea7n m\u1ed9t gi\u1ea3i ph\u00e1p n\u01b0\u1edbc t\u1ed1t v\u00e0 b\u1ec1n v\u1eefng.<\/p>\n<p>B\u1edfi ch\u00fang t\u00f4i hi\u1ec3u r\u1eb1ng, gi\u00e1 tr\u1ecb c\u1ee7a m\u1ed9t nh\u00e0 m\u00e1y kh\u00f4ng ch\u1ec9 n\u1eb1m \u1edf c\u00f4ng su\u1ea5t v\u1eadn h\u00e0nh, m\u00e0 c\u00f2n n\u1eb1m \u1edf kho\u1ea3ng c\u00e1ch t\u1eeb nh\u00e0 m\u00e1y \u0111\u1ebfn cu\u1ed9c s\u1ed1ng ng\u01b0\u1eddi d\u00e2n. M\u1ed9t c\u00f4ng ngh\u1ec7 d\u00f9 hi\u1ec7n \u0111\u1ea1i \u0111\u1ebfn \u0111\u00e2u c\u0169ng s\u1ebd ch\u01b0a tr\u1ecdn v\u1eb9n n\u1ebfu ng\u01b0\u1eddi d\u00e2n kh\u00f4ng th\u1ec3 ti\u1ebfp c\u1eadn. V\u00ec th\u1ebf, ch\u00fang t\u00f4i ch\u1ecdn m\u1ed9t con \u0111\u01b0\u1eddng thi\u1ebft th\u1ef1c h\u01a1n: ph\u00e1t tri\u1ec3n m\u00f4 h\u00ecnh c\u00f3 th\u1ec3 nh\u00e2n r\u1ed9ng, c\u00f3 th\u1ec3 tri\u1ec3n khai, c\u00f3 th\u1ec3 \u0111i s\u00e2u \u0111\u1ebfn t\u1eadn c\u1ea5p ph\u01b0\u1eddng, x\u00e3 \u2013 n\u01a1i nhu c\u1ea7u v\u1ec1 n\u01b0\u1edbc s\u1ea1ch, n\u01b0\u1edbc t\u1ed1t v\u1eabn lu\u00f4n hi\u1ec7n h\u1eefu m\u1ed7i ng\u00e0y.<\/p>\n<p>Ch\u00fang t\u00f4i theo \u0111u\u1ed5i s\u1ee9 m\u1ec7nh: \u201cT\u1ea1o ra ng\u01b0\u1eddi t\u1ed1t \u2013 Ph\u1ee5c v\u1ee5 t\u1eadn n\u01a1i.\u201d \u0110\u00f3 kh\u00f4ng ph\u1ea3i l\u00e0 m\u1ed9t kh\u1ea9u hi\u1ec7u \u0111\u1ec3 n\u00f3i cho hay, m\u00e0 l\u00e0 m\u1ed9t tri\u1ebft l\u00fd ph\u00e1t tri\u1ec3n. \u201cT\u1ea1o ra ng\u01b0\u1eddi t\u1ed1t\u201d l\u00e0 t\u1ea1o ra nh\u1eefng con ng\u01b0\u1eddi s\u1ed1ng t\u1eed t\u1ebf h\u01a1n v\u1edbi ch\u00ednh m\u00ecnh v\u00e0 c\u1ed9ng \u0111\u1ed3ng, b\u1eaft \u0111\u1ea7u t\u1eeb nh\u1eefng \u0111i\u1ec1u c\u0103n b\u1ea3n nh\u1ea5t nh\u01b0 ngu\u1ed3n n\u01b0\u1edbc h\u1ecd d\u00f9ng m\u1ed7i ng\u00e0y. \u201cPh\u1ee5c v\u1ee5 t\u1eadn n\u01a1i\u201d l\u00e0 kh\u00f4ng \u0111\u1ec3 ch\u1ea5t l\u01b0\u1ee3ng s\u1ed1ng tr\u1edf th\u00e0nh \u0111\u1eb7c quy\u1ec1n c\u1ee7a s\u1ed1 \u00edt, m\u00e0 tr\u1edf th\u00e0nh \u0111i\u1ec1u ai c\u0169ng c\u00f3 quy\u1ec1n ti\u1ebfp c\u1eadn.<\/p>\n<p>V\u00ec th\u1ebf, nh\u00e0 m\u00e1y n\u00e0y kh\u00f4ng ch\u1ec9 l\u00e0 m\u1ed9t d\u1ef1 \u00e1n s\u1ea3n xu\u1ea5t. N\u00f3 l\u00e0 m\u1ed9t l\u1eddi cam k\u1ebft. Cam k\u1ebft v\u1ec1 ch\u1ea5t l\u01b0\u1ee3ng. Cam k\u1ebft v\u1ec1 s\u1ef1 t\u1eed t\u1ebf trong c\u00e1ch l\u00e0m s\u1ea3n ph\u1ea9m. Cam k\u1ebft v\u1ec1 vi\u1ec7c \u0111\u01b0a nh\u1eefng gi\u00e1 tr\u1ecb t\u1ed1t \u0111\u1eb9p \u0111\u1ebfn g\u1ea7n h\u01a1n v\u1edbi \u0111\u1eddi s\u1ed1ng th\u1ef1c t\u1ebf c\u1ee7a ng\u01b0\u1eddi Vi\u1ec7t.<\/p>\n<p>V\u1edbi tr\u00ed tu\u1ec7 Nh\u1eadt B\u1ea3n, c\u00f4ng ngh\u1ec7 M\u1ef9 v\u00e0 tinh th\u1ea7n ph\u1ee5ng s\u1ef1 Vi\u1ec7t Nam, ch\u00fang t\u00f4i kh\u00f4ng ch\u1ec9 x\u00e2y d\u1ef1ng m\u1ed9t nh\u00e0 m\u00e1y n\u01b0\u1edbc. Ch\u00fang t\u00f4i \u0111ang x\u00e2y d\u1ef1ng m\u1ed9t h\u1ea1t nh\u00e2n lan t\u1ecfa chu\u1ea9n s\u1ed1ng kh\u1ecfe m\u1edbi cho c\u1ed9ng \u0111\u1ed3ng. M\u1ed9t m\u00f4 h\u00ecnh m\u00e0 \u1edf \u0111\u00f3, c\u00f4ng ngh\u1ec7 kh\u00f4ng \u0111\u1ee9ng t\u00e1ch r\u1eddi con ng\u01b0\u1eddi, m\u00e0 ph\u1ee5c v\u1ee5 con ng\u01b0\u1eddi. M\u1ed9t m\u00f4 h\u00ecnh m\u00e0 \u1edf \u0111\u00f3, s\u1ea3n ph\u1ea9m kh\u00f4ng ch\u1ec9 \u0111\u1ec3 b\u00e1n ra th\u1ecb tr\u01b0\u1eddng, m\u00e0 \u0111\u1ec3 t\u1ea1o n\u00ean ni\u1ec1m tin. V\u00e0 h\u01a1n h\u1ebft, m\u1ed9t m\u00f4 h\u00ecnh m\u00e0 \u1edf \u0111\u00f3, m\u1ed7i gi\u1ecdt n\u01b0\u1edbc \u0111\u01b0\u1ee3c l\u00e0m ra \u0111\u1ec1u mang theo kh\u00e1t v\u1ecdng r\u1ea5t gi\u1ea3n d\u1ecb nh\u01b0ng r\u1ea5t l\u1edbn lao: \u0111\u1ec3 ng\u01b0\u1eddi Vi\u1ec7t \u0111\u01b0\u1ee3c u\u1ed1ng ngu\u1ed3n n\u01b0\u1edbc t\u1ed1t h\u01a1n, s\u1ed1ng kh\u1ecfe h\u01a1n v\u00e0 s\u1ed1ng ch\u1ea5t l\u01b0\u1ee3ng h\u01a1n m\u1ed7i ng\u00e0y.<\/p>\n<p>N\u1ebfu mu\u1ed1n, t\u00f4i c\u00f3 th\u1ec3 vi\u1ebft ti\u1ebfp cho b\u1ea1n m\u1ed9t b\u1ea3n c\u1ef1c sang ki\u1ec3u brochure t\u1eadp \u0111o\u00e0n, ho\u1eb7c m\u1ed9t b\u1ea3n gi\u1ecdng thuy\u1ebft tr\u00ecnh s\u00e2n kh\u1ea5u\/ch\u1ee7 t\u1ecbch ph\u00e1t bi\u1ec3u.<\/p>\n<p>Kh\u00f4ng ph\u1ea3i ai c\u0169ng c\u00f3 \u0111i\u1ec1u ki\u1ec7n \u0111\u1ec3 l\u1ef1a ch\u1ecdn nh\u1eefng gi\u1ea3i ph\u00e1p ch\u0103m s\u00f3c s\u1ee9c kh\u1ecfe \u0111\u1eaft \u0111\u1ecf. Nh\u01b0ng ai c\u0169ng c\u1ea7n n\u01b0\u1edbc \u0111\u1ec3 s\u1ed1ng, \u0111\u1ec3 nu\u00f4i d\u01b0\u1ee1ng c\u01a1 th\u1ec3, \u0111\u1ec3 ch\u0103m s\u00f3c gia \u0111\u00ecnh m\u00ecnh m\u1ed7i ng\u00e0y. Ch\u00ednh v\u00ec v\u1eady, khi b\u1eaft tay x\u00e2y d\u1ef1ng nh\u00e0 m\u00e1y n\u00e0y, ch\u00fang t\u00f4i kh\u00f4ng ch\u1ec9 ngh\u0129 v\u1ec1 m\u1ed9t s\u1ea3n ph\u1ea9m t\u1ed1t, m\u00e0 ngh\u0129 v\u1ec1 m\u1ed9t \u0111i\u1ec1u l\u1edbn h\u01a1n: l\u00e0m sao \u0111\u1ec3 ngu\u1ed3n n\u01b0\u1edbc t\u1ed1t tr\u1edf n\u00ean g\u1ea7n h\u01a1n, d\u1ec5 ti\u1ebfp c\u1eadn h\u01a1n, thi\u1ebft th\u1ef1c h\u01a1n v\u1edbi \u0111\u1eddi s\u1ed1ng ng\u01b0\u1eddi Vi\u1ec7t.<\/p>\n<p>Ch\u00fang t\u00f4i tin r\u1eb1ng, m\u1ed9t ngu\u1ed3n n\u01b0\u1edbc t\u1ed1t kh\u00f4ng n\u00ean ch\u1ec9 hi\u1ec7n di\u1ec7n trong nh\u1eefng kh\u00f4ng gian cao c\u1ea5p hay \u1edf m\u1ed9t s\u1ed1 \u00edt gia \u0111\u00ecnh c\u00f3 \u0111i\u1ec1u ki\u1ec7n. N\u01b0\u1edbc t\u1ed1t c\u1ea7n \u0111\u01b0\u1ee3c hi\u1ec7n di\u1ec7n trong nh\u1eefng c\u0103n b\u1ebfp b\u00ecnh d\u1ecb, trong nh\u1eefng b\u1eefa c\u01a1m gia \u0111\u00ecnh, trong chi\u1ebfc b\u00ecnh n\u01b0\u1edbc \u0111\u1eb7t n\u01a1i ph\u00f2ng kh\u00e1ch, trong ly n\u01b0\u1edbc m\u00e0 m\u1ed9t ng\u01b0\u1eddi m\u1eb9 r\u00f3t cho con tr\u01b0\u1edbc gi\u1edd \u0111i h\u1ecdc, trong ng\u1ee5m n\u01b0\u1edbc m\u00e0 cha m\u1eb9 gi\u00e0 u\u1ed1ng m\u1ed7i s\u00e1ng. Gi\u00e1 tr\u1ecb th\u1eadt s\u1ef1 c\u1ee7a n\u01b0\u1edbc kh\u00f4ng n\u1eb1m \u1edf l\u1eddi qu\u1ea3ng b\u00e1, m\u00e0 n\u1eb1m \u1edf vi\u1ec7c n\u00f3 \u0111i v\u00e0o \u0111\u1eddi s\u1ed1ng con ng\u01b0\u1eddi m\u1ed9t c\u00e1ch \u00e2m th\u1ea7m nh\u01b0ng b\u1ec1n b\u1ec9, n\u00e2ng \u0111\u1ee1 s\u1ee9c kh\u1ecfe t\u1eebng ng\u00e0y.<\/p>\n<p>\u0110\u00f3 c\u0169ng l\u00e0 l\u00fd do nh\u00e0 m\u00e1y \u0111\u01b0\u1ee3c \u0111\u1ecbnh h\u00ecnh nh\u01b0 m\u1ed9t m\u00f4 h\u00ecnh v\u1eeba hi\u1ec7n \u0111\u1ea1i, v\u1eeba g\u1ea7n g\u0169i v\u1edbi th\u1ef1c t\u1ebf Vi\u1ec7t Nam. Ch\u00fang t\u00f4i kh\u00f4ng ch\u1ea1y theo s\u1ef1 \u0111\u1ed3 s\u1ed9 \u0111\u1ec3 t\u1ea1o c\u1ea3m gi\u00e1c cho\u00e1ng ng\u1ee3p, m\u00e0 ch\u1ecdn s\u1ef1 tinh g\u1ecdn, hi\u1ec7u qu\u1ea3 v\u00e0 kh\u1ea3 n\u0103ng tri\u1ec3n khai th\u1ef1c t\u1ebf. M\u1ed7i chi ti\u1ebft trong m\u00f4 h\u00ecnh \u0111\u1ec1u h\u01b0\u1edbng \u0111\u1ebfn m\u1ed9t m\u1ee5c ti\u00eau r\u00f5 r\u00e0ng: v\u1eadn h\u00e0nh \u1ed5n \u0111\u1ecbnh, ki\u1ec3m so\u00e1t ch\u1ea5t l\u01b0\u1ee3ng ch\u1eb7t ch\u1ebd, t\u1ed1i \u01b0u chi ph\u00ed v\u00e0 m\u1edf ra kh\u1ea3 n\u0103ng nh\u00e2n r\u1ed9ng \u1edf nhi\u1ec1u \u0111\u1ecba ph\u01b0\u01a1ng. B\u1edfi ch\u1ec9 khi m\u1ed9t m\u00f4 h\u00ecnh c\u00f3 th\u1ec3 \u0111i xa, n\u00f3 m\u1edbi th\u1eadt s\u1ef1 t\u1ea1o ra t\u00e1c \u0111\u1ed9ng l\u1edbn.<\/p>\n<p>\u1ede t\u1ea7ng s\u00e2u h\u01a1n, nh\u00e0 m\u00e1y n\u00e0y c\u00f2n \u0111\u1ea1i di\u1ec7n cho m\u1ed9t c\u00e1ch ngh\u0129 kh\u00e1c v\u1ec1 ph\u00e1t tri\u1ec3n: ph\u00e1t tri\u1ec3n kh\u00f4ng ch\u1ec9 \u0111\u1ec3 t\u0103ng s\u1ea3n l\u01b0\u1ee3ng, m\u00e0 \u0111\u1ec3 n\u00e2ng ch\u1ea5t l\u01b0\u1ee3ng s\u1ed1ng. Ch\u00fang t\u00f4i kh\u00f4ng mu\u1ed1n d\u1eebng l\u1ea1i \u1edf vi\u1ec7c s\u1ea3n xu\u1ea5t ra nhi\u1ec1u chai n\u01b0\u1edbc h\u01a1n. Ch\u00fang t\u00f4i mu\u1ed1n t\u1ea1o ra nhi\u1ec1u gi\u00e1 tr\u1ecb h\u01a1n cho x\u00e3 h\u1ed9i. Mu\u1ed1n g\u00f3p ph\u1ea7n thay \u0111\u1ed5i th\u00f3i quen s\u1eed d\u1ee5ng n\u01b0\u1edbc theo h\u01b0\u1edbng ch\u1ee7 \u0111\u1ed9ng, hi\u1ec3u bi\u1ebft v\u00e0 c\u00f3 tr\u00e1ch nhi\u1ec7m h\u01a1n v\u1edbi s\u1ee9c kh\u1ecfe l\u00e2u d\u00e0i. Mu\u1ed1n m\u1ed7i ng\u01b0\u1eddi, m\u1ed7i gia \u0111\u00ecnh khi s\u1eed d\u1ee5ng s\u1ea3n ph\u1ea9m t\u1eeb nh\u00e0 m\u00e1y \u0111\u1ec1u c\u1ea3m nh\u1eadn \u0111\u01b0\u1ee3c r\u1eb1ng h\u1ecd kh\u00f4ng ch\u1ec9 \u0111ang u\u1ed1ng n\u01b0\u1edbc s\u1ea1ch, m\u00e0 \u0111ang l\u1ef1a ch\u1ecdn m\u1ed9t c\u00e1ch s\u1ed1ng t\u1ed1t h\u01a1n cho ch\u00ednh m\u00ecnh.<\/p>\n<p>Ch\u00fang t\u00f4i hi\u1ec3u r\u1eb1ng ni\u1ec1m tin c\u1ee7a kh\u00e1ch h\u00e0ng kh\u00f4ng \u0111\u1ebfn t\u1eeb nh\u1eefng l\u1eddi n\u00f3i hoa m\u1ef9. Ni\u1ec1m tin \u0111\u1ebfn t\u1eeb ch\u1ea5t l\u01b0\u1ee3ng th\u1ef1c s\u1ef1, t\u1eeb s\u1ef1 \u1ed5n \u0111\u1ecbnh l\u00e2u d\u00e0i, t\u1eeb c\u1ea3m nh\u1eadn m\u1ed7i ng\u00e0y khi s\u1ea3n ph\u1ea9m \u0111i v\u00e0o cu\u1ed9c s\u1ed1ng. V\u00ec th\u1ebf, \u0111i\u1ec1u ch\u00fang t\u00f4i theo \u0111u\u1ed5i kh\u00f4ng ph\u1ea3i l\u00e0 t\u1ea1o ra \u1ea5n t\u01b0\u1ee3ng nh\u1ea5t th\u1eddi, m\u00e0 l\u00e0 x\u00e2y d\u1ef1ng s\u1ef1 tin c\u1eady b\u1ec1n v\u1eefng. M\u1ed9t nh\u00e0 m\u00e1y t\u1ed1t ph\u1ea3i t\u1ea1o ra s\u1ea3n ph\u1ea9m t\u1ed1t. M\u1ed9t s\u1ea3n ph\u1ea9m t\u1ed1t ph\u1ea3i \u0111\u1ee7 s\u1ee9c \u0111i c\u00f9ng con ng\u01b0\u1eddi trong h\u00e0nh tr\u00ecnh ch\u0103m s\u00f3c s\u1ee9c kh\u1ecfe l\u00e2u d\u00e0i. V\u00e0 m\u1ed9t th\u01b0\u01a1ng hi\u1ec7u c\u00f3 tr\u00e1ch nhi\u1ec7m ph\u1ea3i lu\u00f4n nh\u1edb r\u1eb1ng ph\u00eda sau m\u1ed7i s\u1ea3n ph\u1ea9m l\u00e0 cu\u1ed9c s\u1ed1ng c\u1ee7a bi\u1ebft bao gia \u0111\u00ecnh.<\/p>\n<p>Nh\u00ecn \u1edf g\u00f3c \u0111\u1ed9 \u0111\u00f3, nh\u00e0 m\u00e1y kh\u00f4ng ch\u1ec9 l\u00e0 n\u01a1i s\u1ea3n xu\u1ea5t, m\u00e0 c\u00f2n l\u00e0 n\u01a1i g\u1eedi g\u1eafm ni\u1ec1m tin, tr\u00e1ch nhi\u1ec7m v\u00e0 kh\u00e1t v\u1ecdng. Kh\u00e1t v\u1ecdng v\u1ec1 m\u1ed9t t\u01b0\u01a1ng lai m\u00e0 ng\u01b0\u1eddi Vi\u1ec7t \u0111\u01b0\u1ee3c ti\u1ebfp c\u1eadn ngu\u1ed3n n\u01b0\u1edbc t\u1ed1t ngay t\u1ea1i n\u01a1i m\u00ecnh s\u1ed1ng. Kh\u00e1t v\u1ecdng v\u1ec1 m\u1ed9t h\u1ec7 sinh th\u00e1i s\u1ee9c kh\u1ecfe b\u1eaft \u0111\u1ea7u t\u1eeb nh\u1eefng \u0111i\u1ec1u c\u0103n b\u1ea3n nh\u1ea5t. Kh\u00e1t v\u1ecdng v\u1ec1 m\u1ed9t c\u1ed9ng \u0111\u1ed3ng bi\u1ebft tr\u00e2n tr\u1ecdng gi\u00e1 tr\u1ecb c\u1ee7a n\u01b0\u1edbc, b\u1edfi hi\u1ec3u r\u1eb1ng n\u01b0\u1edbc kh\u00f4ng ch\u1ec9 duy tr\u00ec s\u1ef1 s\u1ed1ng, m\u00e0 c\u00f2n quy\u1ebft \u0111\u1ecbnh ch\u1ea5t l\u01b0\u1ee3ng s\u1ed1ng.<\/p>\n<p>Ch\u00fang t\u00f4i mong r\u1eb1ng t\u1eeb nh\u00e0 m\u00e1y n\u00e0y, kh\u00f4ng ch\u1ec9 c\u00f3 nh\u1eefng s\u1ea3n ph\u1ea9m \u0111\u01b0\u1ee3c \u0111\u01b0a ra th\u1ecb tr\u01b0\u1eddng, m\u00e0 c\u00f2n c\u00f3 nh\u1eefng gi\u00e1 tr\u1ecb \u0111\u01b0\u1ee3c lan t\u1ecfa: gi\u00e1 tr\u1ecb c\u1ee7a s\u1ef1 t\u1eed t\u1ebf trong s\u1ea3n xu\u1ea5t, gi\u00e1 tr\u1ecb c\u1ee7a c\u00f4ng ngh\u1ec7 ph\u1ee5c v\u1ee5 con ng\u01b0\u1eddi, gi\u00e1 tr\u1ecb c\u1ee7a m\u1ed9t doanh nghi\u1ec7p ph\u00e1t tri\u1ec3n c\u00f9ng c\u1ed9ng \u0111\u1ed3ng. V\u00e0 tr\u00ean h\u1ebft, l\u00e0 gi\u00e1 tr\u1ecb c\u1ee7a m\u1ed9t t\u1ea7m nh\u00ecn d\u00e0i h\u1ea1n: \u0111\u01b0a n\u01b0\u1edbc s\u1ea1ch, n\u01b0\u1edbc t\u1ed1t, n\u01b0\u1edbc chu\u1ea9n m\u1ef1c \u0111\u1ebfn g\u1ea7n h\u01a1n v\u1edbi t\u1eebng ng\u01b0\u1eddi d\u00e2n Vi\u1ec7t Nam.<\/p>\n<p>N\u1ebfu c\u1ea7n, t\u00f4i c\u00f3 th\u1ec3 vi\u1ebft ti\u1ebfp th\u00e0nh b\u1ea3n ho\u00e0n ch\u1ec9nh d\u00e0i kho\u1ea3ng 1.200\u20131.500 ch\u1eef theo ki\u1ec3u brochure ho\u1eb7c b\u00e0i ph\u00e1t bi\u1ec3u th\u01b0\u01a1ng hi\u1ec7u.<\/p>\n","protected":false},"excerpt":{"rendered":"<p>GI\u1edaI THI\u1ec6U NH\u00c0 M\u00c1Y S\u1ea2N XU\u1ea4T N\u01af\u1edaC ION KI\u1ec0M \u0110I\u1ec6N PH\u00c2N \u2013 C\u00d4NG NGH\u1ec6 NH\u1eacT B\u1ea2N, K\u1ebeT H\u1ee2P NANO DISRUPTOR (M\u1ef8) Ch\u00fang t\u00f4i t\u1ef1 h\u00e0o gi\u1edbi thi\u1ec7u nh\u00e0 m\u00e1y s\u1ea3n xu\u1ea5t n\u01b0\u1edbc ion ki\u1ec1m \u0111i\u1ec7n ph\u00e2n b\u1ea3n c\u1ef1c \u2013 m\u1ed9t m\u00f4 h\u00ecnh s\u1ea3n xu\u1ea5t n\u01b0\u1edbc th\u1ebf h\u1ec7 m\u1edbi \u0111\u01b0\u1ee3c h\u00ecnh th\u00e0nh t\u1eeb s\u1ef1 k\u1ebft h\u1ee3p [&hellip;]<\/p>\n","protected":false},"author":1,"featured_media":0,"parent":0,"menu_order":0,"comment_status":"closed","ping_status":"closed","template":"","meta":{"footnotes":""},"class_list":["post-310","page","type-page","status-publish","hentry"],"yoast_head":"<!-- This site is optimized with the Yoast SEO plugin v20.5 - https:\/\/yoast.com\/wordpress\/plugins\/seo\/ -->\n<title>V\u1ec1 OFAN - N\u01b0\u1edbc ion ki\u1ec1m<\/title>\n<meta name=\"robots\" content=\"index, follow, max-snippet:-1, max-image-preview:large, max-video-preview:-1\" \/>\n<link rel=\"canonical\" href=\"https:\/\/nuocionkiemofan.com\/?page_id=310\" \/>\n<meta property=\"og:locale\" content=\"vi_VN\" \/>\n<meta property=\"og:type\" content=\"article\" \/>\n<meta property=\"og:title\" content=\"V\u1ec1 OFAN - N\u01b0\u1edbc ion ki\u1ec1m\" \/>\n<meta property=\"og:description\" content=\"GI\u1edaI THI\u1ec6U NH\u00c0 M\u00c1Y S\u1ea2N XU\u1ea4T N\u01af\u1edaC ION KI\u1ec0M \u0110I\u1ec6N PH\u00c2N \u2013 C\u00d4NG NGH\u1ec6 NH\u1eacT B\u1ea2N, K\u1ebeT H\u1ee2P NANO DISRUPTOR (M\u1ef8) Ch\u00fang t\u00f4i t\u1ef1 h\u00e0o gi\u1edbi thi\u1ec7u nh\u00e0 m\u00e1y s\u1ea3n xu\u1ea5t n\u01b0\u1edbc ion ki\u1ec1m \u0111i\u1ec7n ph\u00e2n b\u1ea3n c\u1ef1c \u2013 m\u1ed9t m\u00f4 h\u00ecnh s\u1ea3n xu\u1ea5t n\u01b0\u1edbc th\u1ebf h\u1ec7 m\u1edbi \u0111\u01b0\u1ee3c h\u00ecnh th\u00e0nh t\u1eeb s\u1ef1 k\u1ebft h\u1ee3p [&hellip;]\" \/>\n<meta property=\"og:url\" content=\"https:\/\/nuocionkiemofan.com\/?page_id=310\" \/>\n<meta property=\"og:site_name\" content=\"N\u01b0\u1edbc ion ki\u1ec1m\" \/>\n<meta property=\"article:modified_time\" content=\"2026-04-29T09:23:04+00:00\" \/>\n<meta name=\"twitter:card\" content=\"summary_large_image\" \/>\n<script type=\"application\/ld+json\" class=\"yoast-schema-graph\">{\"@context\":\"https:\/\/schema.org\",\"@graph\":[{\"@type\":\"WebPage\",\"@id\":\"https:\/\/nuocionkiemofan.com\/?page_id=310\",\"url\":\"https:\/\/nuocionkiemofan.com\/?page_id=310\",\"name\":\"V\u1ec1 OFAN - N\u01b0\u1edbc ion ki\u1ec1m\",\"isPartOf\":{\"@id\":\"https:\/\/nuocionkiemofan.com\/#website\"},\"datePublished\":\"2026-04-29T09:22:08+00:00\",\"dateModified\":\"2026-04-29T09:23:04+00:00\",\"breadcrumb\":{\"@id\":\"https:\/\/nuocionkiemofan.com\/?page_id=310#breadcrumb\"},\"inLanguage\":\"vi\",\"potentialAction\":[{\"@type\":\"ReadAction\",\"target\":[\"https:\/\/nuocionkiemofan.com\/?page_id=310\"]}]},{\"@type\":\"BreadcrumbList\",\"@id\":\"https:\/\/nuocionkiemofan.com\/?page_id=310#breadcrumb\",\"itemListElement\":[{\"@type\":\"ListItem\",\"position\":1,\"name\":\"Trang ch\u1ee7\",\"item\":\"https:\/\/nuocionkiemofan.com\/\"},{\"@type\":\"ListItem\",\"position\":2,\"name\":\"V\u1ec1 OFAN\"}]},{\"@type\":\"WebSite\",\"@id\":\"https:\/\/nuocionkiemofan.com\/#website\",\"url\":\"https:\/\/nuocionkiemofan.com\/\",\"name\":\"N\u01b0\u1edbc ion ki\u1ec1m\",\"description\":\"N\u01b0\u1edbc ion ki\u1ec1m\",\"potentialAction\":[{\"@type\":\"SearchAction\",\"target\":{\"@type\":\"EntryPoint\",\"urlTemplate\":\"https:\/\/nuocionkiemofan.com\/?s={search_term_string}\"},\"query-input\":\"required name=search_term_string\"}],\"inLanguage\":\"vi\"}]}<\/script>\n<!-- \/ Yoast SEO plugin. -->","yoast_head_json":{"title":"V\u1ec1 OFAN - N\u01b0\u1edbc ion ki\u1ec1m","robots":{"index":"index","follow":"follow","max-snippet":"max-snippet:-1","max-image-preview":"max-image-preview:large","max-video-preview":"max-video-preview:-1"},"canonical":"https:\/\/nuocionkiemofan.com\/?page_id=310","og_locale":"vi_VN","og_type":"article","og_title":"V\u1ec1 OFAN - N\u01b0\u1edbc ion ki\u1ec1m","og_description":"GI\u1edaI THI\u1ec6U NH\u00c0 M\u00c1Y S\u1ea2N XU\u1ea4T N\u01af\u1edaC ION KI\u1ec0M \u0110I\u1ec6N PH\u00c2N \u2013 C\u00d4NG NGH\u1ec6 NH\u1eacT B\u1ea2N, K\u1ebeT H\u1ee2P NANO DISRUPTOR (M\u1ef8) Ch\u00fang t\u00f4i t\u1ef1 h\u00e0o gi\u1edbi thi\u1ec7u nh\u00e0 m\u00e1y s\u1ea3n xu\u1ea5t n\u01b0\u1edbc ion ki\u1ec1m \u0111i\u1ec7n ph\u00e2n b\u1ea3n c\u1ef1c \u2013 m\u1ed9t m\u00f4 h\u00ecnh s\u1ea3n xu\u1ea5t n\u01b0\u1edbc th\u1ebf h\u1ec7 m\u1edbi \u0111\u01b0\u1ee3c h\u00ecnh th\u00e0nh t\u1eeb s\u1ef1 k\u1ebft h\u1ee3p [&hellip;]","og_url":"https:\/\/nuocionkiemofan.com\/?page_id=310","og_site_name":"N\u01b0\u1edbc ion ki\u1ec1m","article_modified_time":"2026-04-29T09:23:04+00:00","twitter_card":"summary_large_image","schema":{"@context":"https:\/\/schema.org","@graph":[{"@type":"WebPage","@id":"https:\/\/nuocionkiemofan.com\/?page_id=310","url":"https:\/\/nuocionkiemofan.com\/?page_id=310","name":"V\u1ec1 OFAN - N\u01b0\u1edbc ion ki\u1ec1m","isPartOf":{"@id":"https:\/\/nuocionkiemofan.com\/#website"},"datePublished":"2026-04-29T09:22:08+00:00","dateModified":"2026-04-29T09:23:04+00:00","breadcrumb":{"@id":"https:\/\/nuocionkiemofan.com\/?page_id=310#breadcrumb"},"inLanguage":"vi","potentialAction":[{"@type":"ReadAction","target":["https:\/\/nuocionkiemofan.com\/?page_id=310"]}]},{"@type":"BreadcrumbList","@id":"https:\/\/nuocionkiemofan.com\/?page_id=310#breadcrumb","itemListElement":[{"@type":"ListItem","position":1,"name":"Trang ch\u1ee7","item":"https:\/\/nuocionkiemofan.com\/"},{"@type":"ListItem","position":2,"name":"V\u1ec1 OFAN"}]},{"@type":"WebSite","@id":"https:\/\/nuocionkiemofan.com\/#website","url":"https:\/\/nuocionkiemofan.com\/","name":"N\u01b0\u1edbc ion ki\u1ec1m","description":"N\u01b0\u1edbc ion ki\u1ec1m","potentialAction":[{"@type":"SearchAction","target":{"@type":"EntryPoint","urlTemplate":"https:\/\/nuocionkiemofan.com\/?s={search_term_string}"},"query-input":"required name=search_term_string"}],"inLanguage":"vi"}]}},"_links":{"self":[{"href":"https:\/\/nuocionkiemofan.com\/index.php?rest_route=\/wp\/v2\/pages\/310","targetHints":{"allow":["GET"]}}],"collection":[{"href":"https:\/\/nuocionkiemofan.com\/index.php?rest_route=\/wp\/v2\/pages"}],"about":[{"href":"https:\/\/nuocionkiemofan.com\/index.php?rest_route=\/wp\/v2\/types\/page"}],"author":[{"embeddable":true,"href":"https:\/\/nuocionkiemofan.com\/index.php?rest_route=\/wp\/v2\/users\/1"}],"replies":[{"embeddable":true,"href":"https:\/\/nuocionkiemofan.com\/index.php?rest_route=%2Fwp%2Fv2%2Fcomments&post=310"}],"version-history":[{"count":1,"href":"https:\/\/nuocionkiemofan.com\/index.php?rest_route=\/wp\/v2\/pages\/310\/revisions"}],"predecessor-version":[{"id":311,"href":"https:\/\/nuocionkiemofan.com\/index.php?rest_route=\/wp\/v2\/pages\/310\/revisions\/311"}],"wp:attachment":[{"href":"https:\/\/nuocionkiemofan.com\/index.php?rest_route=%2Fwp%2Fv2%2Fmedia&parent=310"}],"curies":[{"name":"wp","href":"https:\/\/api.w.org\/{rel}","templated":true}]}}